{"id":29,"date":"2025-10-31T15:55:44","date_gmt":"2025-10-31T14:55:44","guid":{"rendered":"https:\/\/ithjaelp.nu\/?page_id=29"},"modified":"2025-12-09T10:16:03","modified_gmt":"2025-12-09T09:16:03","slug":"forsiden","status":"publish","type":"page","link":"https:\/\/ithjaelp.nu\/","title":{"rendered":"Forsiden"},"content":{"rendered":"\t\t<div data-elementor-type=\"wp-page\" data-elementor-id=\"29\" class=\"elementor elementor-29\">\n\t\t\t\t<div class=\"elementor-element elementor-element-84b726e e-flex e-con-boxed e-con e-parent\" data-id=\"84b726e\" data-element_type=\"container\">\n\t\t\t\t\t<div class=\"e-con-inner\">\n\t\t\t\t<div class=\"elementor-element elementor-element-0a046f2 elementor-widget elementor-widget-heading\" data-id=\"0a046f2\" data-element_type=\"widget\" data-widget_type=\"heading.default\">\n\t\t\t\t\t<h2 class=\"elementor-heading-title elementor-size-default\">FJERNSUPPORT<\/h2>\t\t\t\t<\/div>\n\t\t\t\t\t<\/div>\n\t\t\t\t<\/div>\n\t\t<div class=\"elementor-element elementor-element-6bd4b8a e-flex e-con-boxed e-con e-parent\" data-id=\"6bd4b8a\" data-element_type=\"container\">\n\t\t\t\t\t<div class=\"e-con-inner\">\n\t\t<div class=\"elementor-element elementor-element-26ec8ce e-con-full e-flex e-con e-child\" data-id=\"26ec8ce\" data-element_type=\"container\">\n\t\t\t\t<div class=\"elementor-element elementor-element-5c99abf elementor-widget elementor-widget-text-editor\" data-id=\"5c99abf\" data-element_type=\"widget\" data-widget_type=\"text-editor.default\">\n\t\t\t\t\t\t\t\t\t<p><span style=\"text-decoration: underline;\">Her kan du book tid til Fjernsupport.<\/span><\/p><p>&#8220;Kan vi sammen klare opgaven via telefon og du har adgang til internet og kan guides ind p\u00e5 en hjemmeside.<br \/>S\u00e5 kan jeg hj\u00e6lpe dig med dine computer problemer, det kan f.eks v\u00e6re mail, programmer eller hj\u00e6lp til at s\u00e6tte din printer til&#8221;<\/p><p>(Jeg ringer dig op p\u00e5 det aftalt tidspunkt, s\u00e5 sid venligst klar ved den t\u00e6ndte computer)<\/p>\t\t\t\t\t\t\t\t<\/div>\n\t\t\t\t<\/div>\n\t\t<div class=\"elementor-element elementor-element-37cfa4f e-con-full e-flex e-con e-child\" data-id=\"37cfa4f\" data-element_type=\"container\">\n\t\t\t\t<div class=\"elementor-element elementor-element-a1ffd8c elementor-widget elementor-widget-text-editor\" data-id=\"a1ffd8c\" data-element_type=\"widget\" data-widget_type=\"text-editor.default\">\n\t\t\t\t\t\t\t\t\t<p><span style=\"text-decoration: underline;\">Har du booket tid og blevet bedt om at komme her.<\/span><\/p><p>S\u00e5 skal du trykke p\u00e5 ikornet her under<\/p>\t\t\t\t\t\t\t\t<\/div>\n\t\t\t\t<div class=\"elementor-element elementor-element-87cf24e elementor-view-default elementor-widget elementor-widget-icon\" data-id=\"87cf24e\" data-element_type=\"widget\" data-widget_type=\"icon.default\">\n\t\t\t\t\t\t\t<div class=\"elementor-icon-wrapper\">\n\t\t\t<div class=\"elementor-icon elementor-animation-pulse\">\n\t\t\t<svg aria-hidden=\"true\" class=\"e-font-icon-svg e-far-hand-point-down\" viewBox=\"0 0 448 512\" xmlns=\"http:\/\/www.w3.org\/2000\/svg\"><path d=\"M188.8 512c45.616 0 83.2-37.765 83.2-83.2v-35.647a93.148 93.148 0 0 0 22.064-7.929c22.006 2.507 44.978-3.503 62.791-15.985C409.342 368.1 448 331.841 448 269.299V248c0-60.063-40-98.512-40-127.2v-2.679c4.952-5.747 8-13.536 8-22.12V32c0-17.673-12.894-32-28.8-32H156.8C140.894 0 128 14.327 128 32v64c0 8.584 3.048 16.373 8 22.12v2.679c0 6.964-6.193 14.862-23.668 30.183l-.148.129-.146.131c-9.937 8.856-20.841 18.116-33.253 25.851C48.537 195.798 0 207.486 0 252.8c0 56.928 35.286 92 83.2 92 8.026 0 15.489-.814 22.4-2.176V428.8c0 45.099 38.101 83.2 83.2 83.2zm0-48c-18.7 0-35.2-16.775-35.2-35.2V270.4c-17.325 0-35.2 26.4-70.4 26.4-26.4 0-35.2-20.625-35.2-44 0-8.794 32.712-20.445 56.1-34.926 14.575-9.074 27.225-19.524 39.875-30.799 18.374-16.109 36.633-33.836 39.596-59.075h176.752C364.087 170.79 400 202.509 400 248v21.299c0 40.524-22.197 57.124-61.325 50.601-8.001 14.612-33.979 24.151-53.625 12.925-18.225 19.365-46.381 17.787-61.05 4.95V428.8c0 18.975-16.225 35.2-35.2 35.2zM328 64c0-13.255 10.745-24 24-24s24 10.745 24 24-10.745 24-24 24-24-10.745-24-24z\"><\/path><\/svg>\t\t\t<\/div>\n\t\t<\/div>\n\t\t\t\t\t\t<\/div>\n\t\t\t\t<\/div>\n\t\t\t\t\t<\/div>\n\t\t\t\t<\/div>\n\t\t<div class=\"elementor-element elementor-element-4c456b6 e-flex e-con-boxed e-con e-parent\" data-id=\"4c456b6\" data-element_type=\"container\">\n\t\t\t\t\t<div class=\"e-con-inner\">\n\t\t<div class=\"elementor-element elementor-element-f89f041 e-con-full e-flex e-con e-child\" data-id=\"f89f041\" data-element_type=\"container\">\n\t\t\t\t<div class=\"elementor-element elementor-element-0a7a5ee elementor-widget elementor-widget-shortcode\" data-id=\"0a7a5ee\" data-element_type=\"widget\" data-widget_type=\"shortcode.default\">\n\t\t\t\t\t\t\t<div class=\"elementor-shortcode\"><!-- Calendly link widget begin -->\n<link href=\"https:\/\/assets.calendly.com\/assets\/external\/widget.css\" rel=\"stylesheet\">\n<script src=\"https:\/\/assets.calendly.com\/assets\/external\/widget.js\" type=\"text\/javascript\" async><\/script>\n<a href=\"\" onclick=\"Calendly.initPopupWidget({url: 'https:\/\/calendly.com\/itsupportmanden\/55-minutter-fjernsupport'});return false;\" class=\"booktidbillede\"><img decoding=\"async\" src=\"https:\/\/ithjaelp.nu\/wp-content\/uploads\/2025\/10\/FJERN.png\"><\/a>\n<!-- Calendly link widget end --><\/div>\n\t\t\t\t\t\t<\/div>\n\t\t\t\t<\/div>\n\t\t<div class=\"elementor-element elementor-element-06fa016 e-con-full e-flex e-con e-child\" data-id=\"06fa016\" data-element_type=\"container\">\n\t\t\t\t<\/div>\n\t\t\t\t\t<\/div>\n\t\t\t\t<\/div>\n\t\t\t\t<\/div>\n\t\t","protected":false},"excerpt":{"rendered":"<p>FJERNSUPPORT Her kan du book tid til Fjernsupport. &#8220;Kan vi sammen klare opgaven via telefon og du har adgang til internet og kan guides ind p\u00e5 en hjemmeside.S\u00e5 kan jeg hj\u00e6lpe dig med dine computer problemer, det kan f.eks v\u00e6re mail, programmer eller hj\u00e6lp til at s\u00e6tte din printer til&#8221; (Jeg ringer dig op p\u00e5 [&hellip;]<\/p>\n","protected":false},"author":1,"featured_media":0,"parent":0,"menu_order":0,"comment_status":"closed","ping_status":"closed","template":"","meta":{"footnotes":""},"class_list":["post-29","page","type-page","status-publish","hentry"],"_links":{"self":[{"href":"https:\/\/ithjaelp.nu\/index.php\/wp-json\/wp\/v2\/pages\/29","targetHints":{"allow":["GET"]}}],"collection":[{"href":"https:\/\/ithjaelp.nu\/index.php\/wp-json\/wp\/v2\/pages"}],"about":[{"href":"https:\/\/ithjaelp.nu\/index.php\/wp-json\/wp\/v2\/types\/page"}],"author":[{"embeddable":true,"href":"https:\/\/ithjaelp.nu\/index.php\/wp-json\/wp\/v2\/users\/1"}],"replies":[{"embeddable":true,"href":"https:\/\/ithjaelp.nu\/index.php\/wp-json\/wp\/v2\/comments?post=29"}],"version-history":[{"count":28,"href":"https:\/\/ithjaelp.nu\/index.php\/wp-json\/wp\/v2\/pages\/29\/revisions"}],"predecessor-version":[{"id":68,"href":"https:\/\/ithjaelp.nu\/index.php\/wp-json\/wp\/v2\/pages\/29\/revisions\/68"}],"wp:attachment":[{"href":"https:\/\/ithjaelp.nu\/index.php\/wp-json\/wp\/v2\/media?parent=29"}],"curies":[{"name":"wp","href":"https:\/\/api.w.org\/{rel}","templated":true}]}}